96657 a prime number?
False
Is 75138359 a prime number?
False
Is 48754920257 a composite number?
False
Is 1834542791 a prime number?
False
Is 13023564271 composite?
False
Is 15771223879 composite?
False
Is 45550485685 a prime number?
False
Is 525434981 a composite number?
False
Is 149162987 prime?
True
Is 12144686317 prime?
True
Is 3317677654 a composite number?
True
Is 14611718831 composite?
False
Is 47083540111 prime?
True
Is 2360670881 a composite number?
True
Is 828050831 a composite number?
False
Is 23917766959 a composite number?
False
Is 820568633 composite?
False
Is 264686299 a composite number?
True
Is 1447359647 a composite number?
False
Is 91396073017 prime?
False
Is 1166275169 composite?
False
Is 348107717 a prime number?
True
Is 31119884251 a prime number?
True
Is 255663571 a composite number?
False
Is 3882694547 prime?
False
Is 1506476095 a prime number?
False
Is 2437536529 a composite number?
False
Is 3282165119 a prime number?
True
Is 4470915209 prime?
False
Is 959206361 a prime number?
True
Is 1193554667 composite?
True
Is 15568370831 prime?
False
Is 134825898619 composite?
False
Is 363070093 a prime number?
True
Is 3385351969 a prime number?
False
Is 191454331 composite?
False
Is 48560201479 a prime number?
True
Is 69290153663 a prime number?
False
Is 2124756869 a prime number?
True
Is 579339239 prime?
True
Is 5517476609 a prime number?
True
Is 103304737 composite?
False
Is 25406360669 a composite number?
False
Is 17506286801 prime?
True
Is 7892950397 composite?
True
Is 180468082 prime?
False
Is 226448197 prime?
True
Is 1035982603 a prime number?
False
Is 6023862643 a composite number?
True
Is 6284910031 a composite number?
False
Is 445911029 a prime number?
True
Is 5563106977 a prime number?
True
Is 2562196291 a composite number?
True
Is 92918971 a composite number?
True
Is 150948827 a composite number?
True
Is 8266176439 a composite number?
False
Is 1239091877 composite?
False
Is 7751604997 prime?
False
Is 27019883399 a composite number?
True
Is 13227583 prime?
True
Is 1421850691 a composite number?
True
Is 1094026021 a prime number?
False
Is 46091671669 a composite number?
True
Is 16447473521 a composite number?
False
Is 31936724341 composite?
False
Is 1260241403 a composite number?
True
Is 9541674359 a composite number?
True
Is 740114842 a prime number?
False
Is 7366177813 a prime number?
True
Is 711102019 composite?
False
Is 11916092521 a prime number?
True
Is 8585869 prime?
False
Is 27066426601 a prime number?
False
Is 16722498383 prime?
False
Is 2069237459 a composite number?
False
Is 5248058579 a prime number?
False
Is 4540527031 a prime number?
True
Is 1355530019 a composite number?
False
Is 189916511 prime?
True
Is 11338322179 a prime number?
False
Is 1848812969 a composite number?
True
Is 90966266962 a prime number?
False
Is 683129257 a composite number?
True
Is 28852688807 a prime number?
False
Is 51489626159 a prime number?
True
Is 6475346107 a composite number?
True
Is 284020897 a composite number?
False
Is 121347238 composite?
True
Is 733813034 prime?
False
Is 2088604561 prime?
True
Is 239854871 composite?
False
Is 1059692483 prime?
False
Is 193869859093 a prime number?
False
Is 10212161753 a composite number?
False
Is 2877667063 composite?
False
Is 37654722741 a prime number?
False
Is 4227274937 composite?
True
Is 956313361 composite?
True
Is 1073623511 a composite number?
False
Is 9286673 composite?
True
Is 624359661 prime?
False
Is 287213953 prime?
False
Is 59166692689 a composite number?
True
Is 14206311901 a prime number?
False
Is 31142182439 composite?
True
Is 49500681899 a prime number?
True
Is 1297969594 a composite number?
True
Is 24698779207 composite?
False
Is 637858337 a prime number?
False
Is 325865929 a prime number?
True
Is 1001137099 prime?
False
Is 8414152826 composite?
True
Is 14590213177 composite?
False
Is 270579213101 prime?
True
Is 3099336361 a prime number?
False
Is 1877120737 a prime number?
True
Is 2439433873 a composite number?
False
Is 1060559743 prime?
True
Is 3820982497 composite?
True
Is 2932736801 a prime number?
True
Is 101835721 composite?
True
Is 17711422367 composite?
True
Is 30548732519 a prime number?
True
Is 830690059 prime?
True
Is 11244492317 a prime number?
True
Is 57926896343 a prime number?
True
Is 11930111101 prime?
True
Is 743273213 prime?
False
Is 41112302519 composite?
False
Is 587079881 a composite number?
False
Is 1561012591 prime?
True
Is 11647501189 prime?
True
Is 9610331691 a prime number?
False
Is 19713041 a composite number?
False
Is 2872572413 a composite number?
False
Is 3358469551 prime?
True
Is 19226315153 composite?
True
Is 27099561974 prime?
False
Is 39192795409 a composite number?
True
Is 6003662939 prime?
True
Is 2625916467 prime?
False
Is 899264459 a composite number?
True
Is 4616689823 composite?
False
Is 7360648706 composite?
True
Is 183168383 a prime number?
True
Is 419138003213 a composite number?
False
Is 320616859 a composite number?
True
Is 123978697 a composite number?
False
Is 1780049917 a prime number?
True
Is 3768541411 composite?
True
Is 31581639767 composite?
False
Is 7609200527 a composite number?
True
Is 29866378813 composite?
False
Is 11466668933 a composite number?
True
Is 6980847157 a composite number?
False
Is 928839223 a prime number?
False
Is 858094003 a composite number?
True
Is 37305773563 a prime number?
True
Is 332893189 a composite number?
False
Is 2400304801 prime?
False
Is 1186329031 a composite number?
True
Is 1540872199 prime?
True
Is 34343695153 a composite number?
False
Is 10936090127 a composite number?
False
Is 54649884847 a prime number?
True
Is 573809021 composite?
False
Is 463206431 a prime number?
False
Is 18636557437 prime?
False
Is 88776379 a prime number?
False
Is 234542083 prime?
True
Is 3077350009 composite?
False
Is 498469031 a composite number?
True
Is 70621729777 a composite number?
True
Is 822433927 composite?
True
Is 105894573047 composite?
False
Is 266065561 composite?
False
Is 3407356627 a prime number?
True
Is 2829529541 composite?
True
Is 32134469 prime?
False
Is 43884667699 composite?
False
Is 129271127 a composite number?
False
Is 16100175433 a prime number?
True
Is 54153518611 prime?
False
Is 253513339 a prime number?
True
Is 523291057 composite?
False
Is 313108493 composite?
True
Is 108345651539 composite?
False
Is 5081230417 prime?
True
Is 702000973 prime?
True
Is 708999937 prime?
True
Is 338970797 composite?
True
Is 4436447911 a prime number?
False
Is 11196881782 composite?
True
Is 115140379613 composite?
True
Is 49373663109 composite?
True
Is 27585859477 composite?
True
Is 1426575113 prime?
False
Is 48856196843 composite?
False
Is 9467798069 a composite number?
True
Is 10364539369 prime?
False
Is 9717706547 prime?
True
Is 20370044671 prime?
False
Is 149389060189 a composite number?
True
Is 667584857 composite?
True
Is 16445912467 prime?
True
Is 117165429454 prime?
False
Is 244361367443 composite?
True
Is 999299233 prime?
True
Is 36995693909 composite?
True
Is 1265653463 prime?
False
Is 40266673 a composite number?
True
Is 655733527 a composite number?
True
Is 581917079 a prime number?
True
Is 138955301 a prime number?
True
Is 2115044957 a prime number?
False
Is 4304011 a prime number?
True
Is 14582854153 prime?
False
Is 2906870801 a prime number?
False
Is 178963909693 prime?
True
Is 39169019891 composite?
True
Is 7497113831 a composite number?
False
Is 352825579 a prime number?
True
Is 623428831 a prime number?
False
Is 620995847 a composite number?
False
Is 5061011261 a composite number?
True
Is 1145965021 prime?
True
Is 72360769267 a composite number?
False
Is 3558588547 prime?
True
Is 170103955729 composite?
True
Is 91151195393 prime?
True
Is 2380832579 a prime number?
True
Is 15978341 a prime number?
True
Is 10074422009 prime?
True
Is 3599101235 composite?
True
Is 254490547 prime?
False
Is 195349309 a prime number?
False
Is 3291110453 a composite number?
False
Is 3447488026 prime?
False
Is 281952070729 prime?
False
Is 5366493259 a prime number?
True
Is 108242778533 a composite number?
True
Is 30624465581 a prime number?
True
Is 1516986637 a composite number?
True
Is 21859910705 a prime number?
False
Is 3485763209 a composite number?
False
Is 872036119 composite?
True
Is 1077845071 a